{"id":3521,"date":"2014-06-14T16:29:05","date_gmt":"2014-06-14T16:29:05","guid":{"rendered":"http:\/\/situacioncritica.es\/?page_id=3521"},"modified":"2023-11-12T12:24:53","modified_gmt":"2023-11-12T12:24:53","slug":"cookies","status":"publish","type":"page","link":"https:\/\/beatsign.com\/studio\/works\/privacidad\/cookies\/","title":{"rendered":"Cookies"},"content":{"rendered":"<p>[et_pb_section bb_built=\u00bb1&#8243; fullwidth=\u00bbon\u00bb specialty=\u00bboff\u00bb _builder_version=\u00bb3.3.1&#8243; background_image=\u00bbhttps:\/\/beatsign.com\/studio\/works\/wp-content\/uploads\/2018\/06\/bg-cookies.jpg\u00bb next_background_color=\u00bb#ffffff\u00bb][et_pb_fullwidth_menu _builder_version=\u00bb3.3.1&#8243; menu_id=\u00bb164&#8243; submenu_direction=\u00bbdownwards\u00bb fullwidth_menu=\u00bboff\u00bb text_orientation=\u00bbright\u00bb disabled=\u00bboff\u00bb disabled_on=\u00bbon|on|\u00bb menu_font=\u00bb|||on|||||\u00bb background_color=\u00bbrgba(255,255,255,0)\u00bb background_layout=\u00bbdark\u00bb \/][et_pb_fullwidth_image _builder_version=\u00bb3.3.1&#8243; src=\u00bbhttps:\/\/beatsign.com\/studio\/works\/wp-content\/uploads\/2017\/12\/Logo-white.png\u00bb show_in_lightbox=\u00bboff\u00bb url_new_window=\u00bboff\u00bb use_overlay=\u00bboff\u00bb max_width=\u00bb15%\u00bb disabled=\u00bboff\u00bb disabled_on=\u00bbon|on|off\u00bb animation_delay=\u00bb300ms\u00bb custom_margin=\u00bb-60px|||5%\u00bb animation_style=\u00bbfade\u00bb \/][et_pb_fullwidth_header _builder_version=\u00bb3.3.1&#8243; title=\u00bbNuestra Pol\u00edtica de Cookies\u00bb background_overlay_color=\u00bbrgba(0,0,0,0.41)\u00bb disabled=\u00bboff\u00bb disabled_on=\u00bboff|off|\u00bb animation_delay=\u00bb200ms\u00bb custom_margin=\u00bb100px|5%|-20px|50%\u00bb custom_margin_tablet=\u00bb0px|0px|0px|0px\u00bb custom_margin_last_edited=\u00bbon|phone\u00bb subhead=\u00bbEsas galletitas curiosas\u00bb \/][et_pb_fullwidth_code admin_label=\u00bbC\u00f3digo copyright foto\u00bb _builder_version=\u00bb3.3.1&#8243; saved_tabs=\u00bball\u00bb]&lt;div class=\u00bbcopy\u00bb&gt;&lt;a style=\u00bbbackground-color:black;color:white;text-decoration:none;padding:4px 6px;font-family:-apple-system, BlinkMacSystemFont, &amp;quot;San Francisco&amp;quot;, &amp;quot;Helvetica Neue&amp;quot;, Helvetica, Ubuntu, Roboto, Noto, &amp;quot;Segoe UI&amp;quot;, Arial, sans-serif;font-size:12px;font-weight:bold;line-height:1.2;display:inline-block;border-radius:3px;\u00bb href=\u00bbhttps:\/\/unsplash.com\/photos\/WLLwgWztob8?utm_source=unsplash&amp;utm_medium=referral&amp;utm_content=creditCopyText\u00bb target=\u00bb_blank\u00bb rel=\u00bbnoopener noreferrer\u00bb title=\u00bbFotograf\u00eda de Annie Spratt\u00bb&gt;&lt;span style=\u00bbdisplay:inline-block;padding:2px 3px;\u00bb&gt;&lt;svg xmlns=\u00bbhttp:\/\/www.w3.org\/2000\/svg\u00bb style=\u00bbheight:12px;width:auto;position:relative;vertical-align:middle;top:-1px;fill:white;\u00bb viewBox=\u00bb0 0 32 32&#8243;&gt;&lt;title&gt;unsplash-logo&lt;\/title&gt;&lt;path d=\u00bbM20.8 18.1c0 2.7-2.2 4.8-4.8 4.8s-4.8-2.1-4.8-4.8c0-2.7 2.2-4.8 4.8-4.8 2.7.1 4.8 2.2 4.8 4.8zm11.2-7.4v14.9c0 2.3-1.9 4.3-4.3 4.3h-23.4c-2.4 0-4.3-1.9-4.3-4.3v-15c0-2.3 1.9-4.3 4.3-4.3h3.7l.8-2.3c.4-1.1 1.7-2 2.9-2h8.6c1.2 0 2.5.9 2.9 2l.8 2.4h3.7c2.4 0 4.3 1.9 4.3 4.3zm-8.6 7.5c0-4.1-3.3-7.5-7.5-7.5-4.1 0-7.5 3.4-7.5 7.5s3.3 7.5 7.5 7.5c4.2-.1 7.5-3.4 7.5-7.5z\u00bb&gt;&lt;\/path&gt;&lt;\/svg&gt;&lt;\/span&gt;&lt;span style=\u00bbdisplay:inline-block;padding:2px 3px;\u00bb&gt;Annie Spratt&lt;\/span&gt;&lt;\/a&gt;&lt;\/div&gt;[\/et_pb_fullwidth_code][\/et_pb_section][et_pb_section bb_built=\u00bb1&#8243; next_background_color=\u00bb#000000&#8243; prev_background_color=\u00bb#000000&#8243;][et_pb_row][et_pb_column type=\u00bb4_4&#8243;][et_pb_text _builder_version=\u00bb3.3.1&#8243;]<\/p>\n<h2>Introducci\u00f3n<\/h2>\n<p>Una\u00a0cookie\u00a0es un peque\u00f1o fichero de texto que se almacena en su navegador cuando visita casi cualquier p\u00e1gina web. Su utilidad es que la web sea capaz de recordar su visita cuando vuelva a navegar por esa p\u00e1gina. Las\u00a0cookies\u00a0suelen almacenar informaci\u00f3n de car\u00e1cter t\u00e9cnico, preferencias personales, personalizaci\u00f3n de contenidos, estad\u00edsticas de uso, enlaces a redes sociales, acceso a cuentas de usuario, etc. El objetivo de la\u00a0cookie\u00a0es adaptar el contenido de la web a su perfil y necesidades, sin\u00a0cookies\u00a0los servicios ofrecidos por cualquier p\u00e1gina se ver\u00edan mermados notablemente.<\/p>\n<h2>Cookies utilizadas en este sitio web<\/h2>\n<p>Siguiendo las directrices de la Agencia Espa\u00f1ola de Protecci\u00f3n de Datos procedemos a detallar el uso de\u00a0cookies\u00a0que hace esta web con el fin de informarle con la m\u00e1xima exactitud posible.<\/p>\n<h3>Este sitio web utiliza las siguientes\u00a0cookies propias:<\/h3>\n<ul class=\"list-style list-style1\">\n<li>Cookies de sesi\u00f3n, para faccilitar el acceso al \u00e1rea para clientes.<\/li>\n<\/ul>\n<h3>Este sitio web utiliza las siguientes\u00a0cookies de terceros:<\/h3>\n<ul class=\"list-style list-style1\">\n<li>Google Analytics: Almacena\u00a0cookies\u00a0para poder elaborar estad\u00edsticas sobre el tr\u00e1fico y volumen de visitas de esta web. Al utilizar este sitio web est\u00e1 consintiendo el tratamiento de informaci\u00f3n acerca de usted por Google. Por tanto, el ejercicio de cualquier derecho en este sentido deber\u00e1 hacerlo comunicando directamente con Google.<\/li>\n<li>Redes sociales: Cada red social utiliza sus propias\u00a0cookies\u00a0para que usted pueda pinchar en botones del tipoMe gusta\u00a0o\u00a0Compartir. En esta web est\u00e1n presente las cookies de Facebook, Twitter y Google+. Si tiene cuenta en una de estas redes y se encuentra activa su sesi\u00f3n en la misma, entran en funci\u00f3n los\u00a0cookiespara evitar que usted se tenga que identificar nuevamente.<\/li>\n<\/ul>\n<h2>Desactivaci\u00f3n o eliminaci\u00f3n de cookies<\/h2>\n<p>En cualquier momento podr\u00e1 ejercer su derecho de desactivaci\u00f3n o eliminaci\u00f3n de cookies de este sitio web. Estas acciones se realizan de forma diferente en funci\u00f3n del navegador que est\u00e9 usando.<\/p>\n<h2>Notas adicionales<\/h2>\n<ul class=\"list-style list-style1\">\n<li>Ni esta web ni sus representantes legales se hacen responsables ni del contenido ni de la veracidad de las pol\u00edticas de privacidad que puedan tener los terceros mencionados en esta pol\u00edtica de\u00a0cookies.<\/li>\n<li>Los navegadores web son las herramientas encargadas de almacenar las\u00a0cookies\u00a0y desde este lugar debe efectuar su derecho a eliminaci\u00f3n o desactivaci\u00f3n de las mismas. Ni esta web ni sus representantes legales pueden garantizar la correcta o incorrecta manipulaci\u00f3n de las\u00a0cookies\u00a0por parte de los mencionados navegadores.<\/li>\n<li>En algunos casos es necesario instalar\u00a0cookies\u00a0para que el navegador no olvide su decisi\u00f3n de no aceptaci\u00f3n de las mismas.<\/li>\n<li>En el caso de las\u00a0cookies\u00a0de Google Analytics, esta empresa almacena las\u00a0cookies\u00a0en servidores ubicados en Estados Unidos y se compromete a no compartirla con terceros, excepto en los casos en los que sea necesario para el funcionamiento del sistema o cuando la ley obligue a tal efecto. Seg\u00fan Google no guarda su direcci\u00f3n IP. Google Inc. es una compa\u00f1\u00eda adherida al Acuerdo de Puerto Seguro que garantiza que todos los datos transferidos ser\u00e1n tratados con un nivel de protecci\u00f3n acorde a la normativa europea.<\/li>\n<li>Para cualquier duda o consulta acerca de esta pol\u00edtica de\u00a0cookies\u00a0no dude en comunicarse con nosotros a trav\u00e9s de la secci\u00f3n de contacto.<\/li>\n<\/ul>\n<h3 class=\"p1\">Sobre las cookies usadas en esta web<\/h3>\n<h4>\u00bfQu\u00e9 tipo de cookies existen?<\/h4>\n<p>Cookies t\u00e9cnicas: Son las m\u00e1s elementales y permiten, entre otras cosas, saber cu\u00e1ndo est\u00e1 navegando un humano o una aplicaci\u00f3n automatizada, cu\u00e1ndo navega un usuario an\u00f3nimo y uno registrado, tareas b\u00e1sicas para el funcionamiento de cualquier web din\u00e1mica. Cookies de an\u00e1lisis: Recogen informaci\u00f3n sobre el tipo de navegaci\u00f3n que est\u00e1 realizando, las secciones que m\u00e1s utiliza, productos consultados, franja horaria de uso, idioma, etc. Cookies publicitarias: Muestran publicidad en funci\u00f3n de su navegaci\u00f3n, su pa\u00eds de procedencia, idioma, etc.<\/p>\n<h4>\u00bfQu\u00e9 son las cookies propias y las de terceros?<\/h4>\n<p>Las cookies propias son las generadas por la p\u00e1gina que est\u00e1 visitando y las de terceros son las generadas por servicios o proveedores externos como Facebook, Twitter, Google, etc.<\/p>\n<h4>\u00bfQu\u00e9 ocurre si desactivo las cookies?<\/h4>\n<p>Para que entienda el alcance que puede tener desactivar las cookiesle mostramos unos ejemplos:<\/p>\n<ul class=\"list-style list-style1\">\n<li>No podr\u00e1 compartir contenidos de esa web en Facebook, Twitter o cualquier otra red social.<\/li>\n<li>El sitio web no podr\u00e1 adaptar los contenidos a sus preferencias personales, como suele ocurrir en las tiendas online.<\/li>\n<li>No podr\u00e1 acceder al \u00e1rea personal de esa web, como por ejemplo Mi cuenta, o Mi perfilo Mis pedidos.<\/li>\n<li>Tiendas online: Le ser\u00e1 imposible realizar compras online, tendr\u00e1n que ser telef\u00f3nicas o visitando la tienda f\u00edsica si es que dispone de ella. No ser\u00e1 posible personalizar sus preferencias geogr\u00e1ficas como franja horaria, divisa o idioma.<\/li>\n<li>El sitio web no podr\u00e1 realizar anal\u00edticas web sobre visitantes y tr\u00e1fico en la web, lo que dificultar\u00e1 que la web sea competitiva. No podr\u00e1 escribir en el blog, no podr\u00e1 subir fotos, publicar comentarios, valorar o puntuar contenidos.<\/li>\n<li>La web tampoco podr\u00e1 saber si usted es un humano o una aplicaci\u00f3n automatizada que publica spam.<\/li>\n<li>No se podr\u00e1 mostrar publicidad sectorizada, lo que reducir\u00e1 los ingresos publicitarios de la web.<\/li>\n<li>Todas las redes sociales usan cookies, si las desactiva no podr\u00e1 utilizar ninguna red social.<\/li>\n<\/ul>\n<h4>\u00bfSe pueden eliminar las cookies?<\/h4>\n<p>S\u00ed. No s\u00f3lo eliminar, tambi\u00e9n bloquear, de forma general o particular para un dominio espec\u00edfico. Para eliminar las cookies de un sitio web debe ir a la configuraci\u00f3n de su navegador y all\u00ed podr\u00e1 buscar las asociadas al dominio en cuesti\u00f3n y proceder a su eliminaci\u00f3n.<\/p>\n<p>[\/et_pb_text][\/et_pb_column][\/et_pb_row][\/et_pb_section][et_pb_section bb_built=\u00bb1&#8243; fullwidth=\u00bboff\u00bb specialty=\u00bboff\u00bb _builder_version=\u00bb3.0.92&#8243; background_image=\u00bbhttps:\/\/beatsign.com\/studio\/works\/wp-content\/uploads\/2017\/12\/bg-bajaresolucion.jpg\u00bb parallax=\u00bbon\u00bb border_width_top=\u00bb4px\u00bb border_color_top=\u00bb#dbdbdb\u00bb prev_background_color=\u00bb#ffffff\u00bb][et_pb_row _builder_version=\u00bb3.0.92&#8243;][et_pb_column type=\u00bb4_4&#8243;][et_pb_cta admin_label=\u00bbComienza tu proyecto\u00bb _builder_version=\u00bb3.3.1&#8243; title=\u00bb\u00bfTienes un proyecto en mente?\u00bb button_text=\u00bbComi\u00e9nzalo con nosotros ahora\u00bb button_url=\u00bbhttps:\/\/situacioncritica.es\/clientes\/presupuesto\/\u00bb custom_button=\u00bbon\u00bb background_color=\u00bbrgba(0,0,0,0.5)\u00bb custom_margin=\u00bb40px|100px|40px|100px\u00bb border_radii=\u00bbon|10px|10px|10px|10px\u00bb box_shadow_style=\u00bbpreset1&#8243; animation_style=\u00bbflip\u00bb animation_delay=\u00bb300ms\u00bb animation_intensity_fold=\u00bb25%\u00bb animation_direction=\u00bbbottom\u00bb custom_margin_tablet=\u00bb40px|40px|40px|40px\u00bb custom_margin_last_edited=\u00bbon|desktop\u00bb custom_margin_phone=\u00bb0px|0px|0px|0px\u00bb text_shadow_blur_strength=\u00bb0.3em\u00bb header_text_shadow_style=\u00bbpreset3&#8243; button_icon=\u00bb%%20%%\u00bb box_shadow_style_button=\u00bbpreset1&#8243; button_bg_color_hover=\u00bbrgba(255,255,255,0.35)\u00bb button_text_shadow_style=\u00bbpreset3&#8243; use_background_color_gradient=\u00bbon\u00bb background_color_gradient_start=\u00bbrgba(73,51,117,0.6)\u00bb background_color_gradient_end=\u00bbrgba(238,1,87,0.6)\u00bb background_color_gradient_direction=\u00bb41deg\u00bb button_font=\u00bb|||on|||||\u00bb \/][\/et_pb_column][\/et_pb_row][\/et_pb_section]<\/p>\n","protected":false},"excerpt":{"rendered":"<p><div class=\"et_pb_row et_pb_row_0 et_pb_row_empty\">\n\t\t\t\t\n\t\t\t\t\n\t\t\t\t\n\t\t\t\t\n\t\t\t\t\n\t\t\t<\/div> Introducci\u00f3n Una\u00a0cookie\u00a0es un peque\u00f1o fichero de texto que se almacena en su navegador cuando visita casi cualquier p\u00e1gina web. Su utilidad es que la web sea capaz de recordar su visita cuando vuelva a navegar por esa p\u00e1gina. Las\u00a0cookies\u00a0suelen almacenar informaci\u00f3n de car\u00e1cter t\u00e9cnico, preferencias personales, personalizaci\u00f3n de contenidos, estad\u00edsticas de uso, enlaces a [&hellip;]<\/p>\n","protected":false},"author":1,"featured_media":0,"parent":1921,"menu_order":0,"comment_status":"closed","ping_status":"closed","template":"","meta":{"_et_pb_use_builder":"on","_et_pb_old_content":"<h2>Introducci\u00f3n<\/h2><p>Una\u00a0cookie\u00a0es un peque\u00f1o fichero de texto que se almacena en su navegador cuando visita casi cualquier p\u00e1gina web. Su utilidad es que la web sea capaz de recordar su visita cuando vuelva a navegar por esa p\u00e1gina. Las\u00a0cookies\u00a0suelen almacenar informaci\u00f3n de car\u00e1cter t\u00e9cnico, preferencias personales, personalizaci\u00f3n de contenidos, estad\u00edsticas de uso, enlaces a redes sociales, acceso a cuentas de usuario, etc. El objetivo de la\u00a0cookie\u00a0es adaptar el contenido de la web a su perfil y necesidades, sin\u00a0cookies\u00a0los servicios ofrecidos por cualquier p\u00e1gina se ver\u00edan mermados notablemente.<\/p><h2>Cookies utilizadas en este sitio web<\/h2><p>Siguiendo las directrices de la Agencia Espa\u00f1ola de Protecci\u00f3n de Datos procedemos a detallar el uso de\u00a0cookies\u00a0que hace esta web con el fin de informarle con la m\u00e1xima exactitud posible.<\/p><h3>Este sitio web utiliza las siguientes\u00a0cookies propias:<\/h3><ul class=\"list-style list-style1\"><li>Cookies de sesi\u00f3n, para faccilitar el acceso al \u00e1rea para clientes.<\/li><\/ul><h3>Este sitio web utiliza las siguientes\u00a0cookies de terceros:<\/h3><ul class=\"list-style list-style1\"><li>Google Analytics: Almacena\u00a0cookies\u00a0para poder elaborar estad\u00edsticas sobre el tr\u00e1fico y volumen de visitas de esta web. Al utilizar este sitio web est\u00e1 consintiendo el tratamiento de informaci\u00f3n acerca de usted por Google. Por tanto, el ejercicio de cualquier derecho en este sentido deber\u00e1 hacerlo comunicando directamente con Google.<\/li><li>Redes sociales: Cada red social utiliza sus propias\u00a0cookies\u00a0para que usted pueda pinchar en botones del tipoMe gusta\u00a0o\u00a0Compartir. En esta web est\u00e1n presente las cookies de Facebook, Twitter y Google+. Si tiene cuenta en una de estas redes y se encuentra activa su sesi\u00f3n en la misma, entran en funci\u00f3n los\u00a0cookiespara evitar que usted se tenga que identificar nuevamente.<\/li><\/ul><h2>Desactivaci\u00f3n o eliminaci\u00f3n de cookies<\/h2><p>En cualquier momento podr\u00e1 ejercer su derecho de desactivaci\u00f3n o eliminaci\u00f3n de cookies de este sitio web. Estas acciones se realizan de forma diferente en funci\u00f3n del navegador que est\u00e9 usando.<\/p><h2>Notas adicionales<\/h2><ul class=\"list-style list-style1\"><li>Ni esta web ni sus representantes legales se hacen responsables ni del contenido ni de la veracidad de las pol\u00edticas de privacidad que puedan tener los terceros mencionados en esta pol\u00edtica de\u00a0cookies.<\/li><li>Los navegadores web son las herramientas encargadas de almacenar las\u00a0cookies\u00a0y desde este lugar debe efectuar su derecho a eliminaci\u00f3n o desactivaci\u00f3n de las mismas. Ni esta web ni sus representantes legales pueden garantizar la correcta o incorrecta manipulaci\u00f3n de las\u00a0cookies\u00a0por parte de los mencionados navegadores.<\/li><li>En algunos casos es necesario instalar\u00a0cookies\u00a0para que el navegador no olvide su decisi\u00f3n de no aceptaci\u00f3n de las mismas.<\/li><li>En el caso de las\u00a0cookies\u00a0de Google Analytics, esta empresa almacena las\u00a0cookies\u00a0en servidores ubicados en Estados Unidos y se compromete a no compartirla con terceros, excepto en los casos en los que sea necesario para el funcionamiento del sistema o cuando la ley obligue a tal efecto. Seg\u00fan Google no guarda su direcci\u00f3n IP. Google Inc. es una compa\u00f1\u00eda adherida al Acuerdo de Puerto Seguro que garantiza que todos los datos transferidos ser\u00e1n tratados con un nivel de protecci\u00f3n acorde a la normativa europea. Puede consultar informaci\u00f3n detallada a este respecto\u00a0<a href=\"http:\/\/safeharbor.export.gov\/companyinfo.aspx?id=16626\">en este enlace<\/a>. Si desea informaci\u00f3n sobre el uso que Google da a las cookies\u00a0<a href=\"https:\/\/developers.google.com\/analytics\/devguides\/collection\/analyticsjs\/cookie-usage?hl=es&csw=1\">le adjuntamos este otro enlace<\/a>.<\/li><li>Para cualquier duda o consulta acerca de esta pol\u00edtica de\u00a0cookies\u00a0no dude en comunicarse con nosotros a trav\u00e9s de la secci\u00f3n de contacto.<\/li><\/ul><h3 class=\"p1\">Sobre las cookies usadas en esta web<\/h3><h4>\u00bfQu\u00e9 tipo de cookies existen?<\/h4><p>Cookies t\u00e9cnicas: Son las m\u00e1s elementales y permiten, entre otras cosas, saber cu\u00e1ndo est\u00e1 navegando un humano o una aplicaci\u00f3n automatizada, cu\u00e1ndo navega un usuario an\u00f3nimo y uno registrado, tareas b\u00e1sicas para el funcionamiento de cualquier web din\u00e1mica. Cookies de an\u00e1lisis: Recogen informaci\u00f3n sobre el tipo de navegaci\u00f3n que est\u00e1 realizando, las secciones que m\u00e1s utiliza, productos consultados, franja horaria de uso, idioma, etc. Cookies publicitarias: Muestran publicidad en funci\u00f3n de su navegaci\u00f3n, su pa\u00eds de procedencia, idioma, etc.<\/p><h4>\u00bfQu\u00e9 son las cookies propias y las de terceros?<\/h4><p>Las cookies propias son las generadas por la p\u00e1gina que est\u00e1 visitando y las de terceros son las generadas por servicios o proveedores externos como Facebook, Twitter, Google, etc.<\/p><h4>\u00bfQu\u00e9 ocurre si desactivo las cookies?<\/h4><p>Para que entienda el alcance que puede tener desactivar las cookiesle mostramos unos ejemplos:<\/p><ul class=\"list-style list-style1\"><li>No podr\u00e1 compartir contenidos de esa web en Facebook, Twitter o cualquier otra red social.<\/li><li>El sitio web no podr\u00e1 adaptar los contenidos a sus preferencias personales, como suele ocurrir en las tiendas online.<\/li><li>No podr\u00e1 acceder al \u00e1rea personal de esa web, como por ejemplo Mi cuenta, o Mi perfilo Mis pedidos.<\/li><li>Tiendas online: Le ser\u00e1 imposible realizar compras online, tendr\u00e1n que ser telef\u00f3nicas o visitando la tienda f\u00edsica si es que dispone de ella. No ser\u00e1 posible personalizar sus preferencias geogr\u00e1ficas como franja horaria, divisa o idioma.<\/li><li>El sitio web no podr\u00e1 realizar anal\u00edticas web sobre visitantes y tr\u00e1fico en la web, lo que dificultar\u00e1 que la web sea competitiva. No podr\u00e1 escribir en el blog, no podr\u00e1 subir fotos, publicar comentarios, valorar o puntuar contenidos.<\/li><li>La web tampoco podr\u00e1 saber si usted es un humano o una aplicaci\u00f3n automatizada que publica spam.<\/li><li>No se podr\u00e1 mostrar publicidad sectorizada, lo que reducir\u00e1 los ingresos publicitarios de la web.<\/li><li>Todas las redes sociales usan cookies, si las desactiva no podr\u00e1 utilizar ninguna red social.<\/li><\/ul><h4>\u00bfSe pueden eliminar las cookies?<\/h4><p>S\u00ed. No s\u00f3lo eliminar, tambi\u00e9n bloquear, de forma general o particular para un dominio espec\u00edfico. Para eliminar las cookies de un sitio web debe ir a la configuraci\u00f3n de su navegador y all\u00ed podr\u00e1 buscar las asociadas al dominio en cuesti\u00f3n y proceder a su eliminaci\u00f3n.<\/p>","_et_gb_content_width":""},"_links":{"self":[{"href":"https:\/\/beatsign.com\/studio\/works\/wp-json\/wp\/v2\/pages\/3521"}],"collection":[{"href":"https:\/\/beatsign.com\/studio\/works\/wp-json\/wp\/v2\/pages"}],"about":[{"href":"https:\/\/beatsign.com\/studio\/works\/wp-json\/wp\/v2\/types\/page"}],"author":[{"embeddable":true,"href":"https:\/\/beatsign.com\/studio\/works\/wp-json\/wp\/v2\/users\/1"}],"replies":[{"embeddable":true,"href":"https:\/\/beatsign.com\/studio\/works\/wp-json\/wp\/v2\/comments?post=3521"}],"version-history":[{"count":1,"href":"https:\/\/beatsign.com\/studio\/works\/wp-json\/wp\/v2\/pages\/3521\/revisions"}],"predecessor-version":[{"id":206189,"href":"https:\/\/beatsign.com\/studio\/works\/wp-json\/wp\/v2\/pages\/3521\/revisions\/206189"}],"up":[{"embeddable":true,"href":"https:\/\/beatsign.com\/studio\/works\/wp-json\/wp\/v2\/pages\/1921"}],"wp:attachment":[{"href":"https:\/\/beatsign.com\/studio\/works\/wp-json\/wp\/v2\/media?parent=3521"}],"curies":[{"name":"wp","href":"https:\/\/api.w.org\/{rel}","templated":true}]}}